{"id":38,"date":"2016-05-20T11:24:59","date_gmt":"2016-05-20T14:24:59","guid":{"rendered":"http:\/\/www.turismotoledo.com.br\/novo\/?page_id=38"},"modified":"2016-06-09T09:01:05","modified_gmt":"2016-06-09T12:01:05","slug":"documentos-para-embarque-e-alfandega","status":"publish","type":"page","link":"https:\/\/www.turismotoledo.com.br\/novo\/pra-voce\/documentos-para-embarque-e-alfandega\/","title":{"rendered":"Documentos para Embarque e Alf\u00e2ndega"},"content":{"rendered":"<p style=\"text-align: justify;\"><strong><img loading=\"lazy\" decoding=\"async\" class=\"size-full wp-image-243 alignright\" src=\"http:\/\/www.turismotoledo.com.br\/novo\/wp-content\/uploads\/2016\/05\/documentos_embarque.jpg\" alt=\"documentos_embarque\" width=\"300\" height=\"200\" srcset=\"https:\/\/www.turismotoledo.com.br\/novo\/wp-content\/uploads\/2016\/05\/documentos_embarque.jpg 300w, https:\/\/www.turismotoledo.com.br\/novo\/wp-content\/uploads\/2016\/05\/documentos_embarque-272x182.jpg 272w\" sizes=\"auto, (max-width: 300px) 100vw, 300px\" \/>\u00c9 obrigat\u00f3rio no ato do embarque, a apresenta\u00e7\u00e3o pelo passageiro de DOCUMENTO ORIGINAL, n\u00e3o \u00e9 aceita copia, mesmo autenticada.<br \/>\n<\/strong><br \/>\nA responsabilidade pela apresenta\u00e7\u00e3o dos documentos necess\u00e1rio ao embarque \u00e9 pessoal e exclusiva do passageiro.<\/p>\n<p style=\"text-align: justify;\"><strong><span style=\"font-size: medium;\">VIAGEM PELO BRASIL (v\u00f4o dom\u00e9stico ou Cruzeiro Mar\u00edtimo)<\/span><\/strong><br \/>\nEm cumprimento a norma DAC 107-1002 referente a Identifica\u00e7\u00e3o de Passageiro no Transporte A\u00e9reo Domestico, informamos aos nossos clientes da obrigatoriedade da apresenta\u00e7\u00e3o de DOCUMENTO ORIGINAL com foto no ato do check-in nos embarques dom\u00e9sticos, a saber:<\/p>\n<p style=\"text-align: justify;\"><strong>Maiores de 18 anos<\/strong><br \/>\n<strong>\u2022\u00a0<\/strong>C\u00e9dula de Identidade, em boas condi\u00e7\u00f5es e com menos de 10 anos de emiss\u00e3o;<br \/>\n<strong>\u2022\u00a0<\/strong>C\u00e9dula de Identidade, para o Chile est\u00e1 exigindo com menos de 5 anos de emiss\u00e3o;<br \/>\n<strong>\u2022\u00a0<\/strong>Carteira funcional com foto como OAB, CRM, CREA, etc.,<br \/>\n<strong>\u2022\u00a0<\/strong>Carteira de Motorista com foto;<\/p>\n<p style=\"text-align: justify;\"><strong>Menores de 18 anos<\/strong><br \/>\n<strong>\u2022\u00a0<\/strong>C\u00e9dula de Identidade, em boas condi\u00e7\u00f5es e com menos de 10 anos de emiss\u00e3o;<br \/>\n<strong>\u2022\u00a0<\/strong>Certid\u00e3o de nascimento s\u00f3 \u00e9 aceito para crian\u00e7a at\u00e9 9 anos de idade em v\u00f4o domestico, para Cruzeiro n\u00e3o serve;<br \/>\n<strong>\u2022\u00a0<\/strong>Viajando desacompanhado \u00e9 necess\u00e1ria autoriza\u00e7\u00e3o dos pais por escrito e com firma reconhecida em cart\u00f3rio e quando viajar com apenas pai ou a m\u00e3e necessita autoriza\u00e7\u00e3o do outro.<\/p>\n<p style=\"text-align: justify;\"><strong>VIAGEM INTERNACIONAL (V\u00f4o Internacional ou Cruzeiro Mar\u00edtimo)<\/strong><br \/>\nDocumento exigidos no ato do check-in para embarque (aeroporto ou porto):<\/p>\n<p style=\"text-align: justify;\"><strong>Maiores de 18 anos<\/strong><br \/>\n<strong>\u2022\u00a0<\/strong>Passaporte com validade m\u00ednima de 6 (seis) meses ou conforme exig\u00eancia do pa\u00eds visitado;<br \/>\n<strong>\u2022\u00a0<\/strong>Visto Consular quando exigido;<br \/>\n<strong>\u2022\u00a0<\/strong>Viagens Mercosul e Cruzeiros, Passaporte ou RG original em bom estado e com emiss\u00e3o a menos de 10 anos, exceto Chile em que a emiss\u00e3o precisa ser anterior a 5 anos;<\/p>\n<p style=\"text-align: justify;\"><strong>Menores de 18 anos<\/strong><br \/>\n<strong>\u2022\u00a0<\/strong>Viagem internacional inclusive Mercosul e Cruzeiros, precisa do passaporte ou RG (certid\u00e3o nascimento n\u00e3o \u00e9 aceito).<br \/>\n<strong>\u2022\u00a0<\/strong>Viajando desacompanhado \u00e9 necess\u00e1ria autoriza\u00e7\u00e3o dos pais por escrito e com firma reconhecida em cart\u00f3rio e quando viajar apenas com o pai ou a m\u00e3e necessita autoriza\u00e7\u00e3o do outro.<br \/>\n<strong>\u2022\u00a0<\/strong>Visto Consular quando exigido;<\/p>\n<p style=\"text-align: justify;\"><strong>Estrangeiros<\/strong><br \/>\n<strong>\u2022\u00a0<\/strong>Residente ou n\u00e3o no Brasil dever\u00e1 portar a documenta\u00e7\u00e3o Passaporte, RNE original e visto necess\u00e1rio inclusive no Mercosul e as vacinas obrigat\u00f3rias para cada destino da viagem (pa\u00eds ou regi\u00e3o).<\/p>\n<p style=\"text-align: justify;\"><strong>VACINAS<\/strong><br \/>\nPortar o atestado da vacina exigido para o destino da viagem, sem o qual tamb\u00e9m n\u00e3o haver\u00e1 o embarque.<\/p>\n","protected":false},"excerpt":{"rendered":"<p>\u00c9 obrigat\u00f3rio no ato do embarque, a apresenta\u00e7\u00e3o pelo passageiro de DOCUMENTO ORIGINAL, n\u00e3o \u00e9 aceita copia, mesmo autenticada. A responsabilidade pela apresenta\u00e7\u00e3o dos documentos necess\u00e1rio ao embarque \u00e9 pessoal e exclusiva do passageiro. VIAGEM PELO BRASIL (v\u00f4o dom\u00e9stico ou Cruzeiro Mar\u00edtimo) Em cumprimento a norma DAC 107-1002 referente a Identifica\u00e7\u00e3o de Passageiro no Transporte [&hellip;]<\/p>\n","protected":false},"author":1,"featured_media":0,"parent":20,"menu_order":0,"comment_status":"closed","ping_status":"closed","template":"","meta":{"footnotes":""},"class_list":["post-38","page","type-page","status-publish","hentry"],"yoast_head":"<!-- This site is optimized with the Yoast SEO plugin v27.4 - https:\/\/yoast.com\/product\/yoast-seo-wordpress\/ -->\n<title>Documentos para Embarque e Alf\u00e2ndega - Toledo Turismo<\/title>\n<meta name=\"description\" content=\"Turismo Toledo, conhe\u00e7a o Brasil e o Mundo, elaboramos pacotes tur\u00edsticos, possu\u00edmos pre\u00e7os acess\u00edveis, promo\u00e7\u00f5es,\" \/>\n<meta name=\"robots\" content=\"index, follow, max-snippet:-1, max-image-preview:large, max-video-preview:-1\" \/>\n<link rel=\"canonical\" href=\"https:\/\/www.turismotoledo.com.br\/novo\/pra-voce\/documentos-para-embarque-e-alfandega\/\" \/>\n<meta property=\"og:locale\" content=\"pt_BR\" \/>\n<meta property=\"og:type\" content=\"article\" \/>\n<meta property=\"og:title\" content=\"Documentos para Embarque e Alf\u00e2ndega - Toledo Turismo\" \/>\n<meta property=\"og:description\" content=\"Turismo Toledo, conhe\u00e7a o Brasil e o Mundo, elaboramos pacotes tur\u00edsticos, possu\u00edmos pre\u00e7os acess\u00edveis, promo\u00e7\u00f5es,\" \/>\n<meta property=\"og:url\" content=\"https:\/\/www.turismotoledo.com.br\/novo\/pra-voce\/documentos-para-embarque-e-alfandega\/\" \/>\n<meta property=\"og:site_name\" content=\"Toledo Turismo\" \/>\n<meta property=\"article:modified_time\" content=\"2016-06-09T12:01:05+00:00\" \/>\n<meta property=\"og:image\" content=\"http:\/\/www.turismotoledo.com.br\/novo\/wp-content\/uploads\/2016\/05\/documentos_embarque.jpg\" \/>\n<meta name=\"twitter:card\" content=\"summary_large_image\" \/>\n<meta name=\"twitter:label1\" content=\"Est. tempo de leitura\" \/>\n\t<meta name=\"twitter:data1\" content=\"2 minutos\" \/>\n<script type=\"application\/ld+json\" class=\"yoast-schema-graph\">{\"@context\":\"https:\\\/\\\/schema.org\",\"@graph\":[{\"@type\":\"WebPage\",\"@id\":\"https:\\\/\\\/www.turismotoledo.com.br\\\/novo\\\/pra-voce\\\/documentos-para-embarque-e-alfandega\\\/\",\"url\":\"https:\\\/\\\/www.turismotoledo.com.br\\\/novo\\\/pra-voce\\\/documentos-para-embarque-e-alfandega\\\/\",\"name\":\"Documentos para Embarque e Alf\u00e2ndega - Toledo Turismo\",\"isPartOf\":{\"@id\":\"https:\\\/\\\/www.turismotoledo.com.br\\\/novo\\\/#website\"},\"primaryImageOfPage\":{\"@id\":\"https:\\\/\\\/www.turismotoledo.com.br\\\/novo\\\/pra-voce\\\/documentos-para-embarque-e-alfandega\\\/#primaryimage\"},\"image\":{\"@id\":\"https:\\\/\\\/www.turismotoledo.com.br\\\/novo\\\/pra-voce\\\/documentos-para-embarque-e-alfandega\\\/#primaryimage\"},\"thumbnailUrl\":\"http:\\\/\\\/www.turismotoledo.com.br\\\/novo\\\/wp-content\\\/uploads\\\/2016\\\/05\\\/documentos_embarque.jpg\",\"datePublished\":\"2016-05-20T14:24:59+00:00\",\"dateModified\":\"2016-06-09T12:01:05+00:00\",\"description\":\"Turismo Toledo, conhe\u00e7a o Brasil e o Mundo, elaboramos pacotes tur\u00edsticos, possu\u00edmos pre\u00e7os acess\u00edveis, promo\u00e7\u00f5es,\",\"breadcrumb\":{\"@id\":\"https:\\\/\\\/www.turismotoledo.com.br\\\/novo\\\/pra-voce\\\/documentos-para-embarque-e-alfandega\\\/#breadcrumb\"},\"inLanguage\":\"pt-BR\",\"potentialAction\":[{\"@type\":\"ReadAction\",\"target\":[\"https:\\\/\\\/www.turismotoledo.com.br\\\/novo\\\/pra-voce\\\/documentos-para-embarque-e-alfandega\\\/\"]}]},{\"@type\":\"ImageObject\",\"inLanguage\":\"pt-BR\",\"@id\":\"https:\\\/\\\/www.turismotoledo.com.br\\\/novo\\\/pra-voce\\\/documentos-para-embarque-e-alfandega\\\/#primaryimage\",\"url\":\"http:\\\/\\\/www.turismotoledo.com.br\\\/novo\\\/wp-content\\\/uploads\\\/2016\\\/05\\\/documentos_embarque.jpg\",\"contentUrl\":\"http:\\\/\\\/www.turismotoledo.com.br\\\/novo\\\/wp-content\\\/uploads\\\/2016\\\/05\\\/documentos_embarque.jpg\"},{\"@type\":\"BreadcrumbList\",\"@id\":\"https:\\\/\\\/www.turismotoledo.com.br\\\/novo\\\/pra-voce\\\/documentos-para-embarque-e-alfandega\\\/#breadcrumb\",\"itemListElement\":[{\"@type\":\"ListItem\",\"position\":1,\"name\":\"In\u00edcio\",\"item\":\"https:\\\/\\\/www.turismotoledo.com.br\\\/novo\\\/\"},{\"@type\":\"ListItem\",\"position\":2,\"name\":\"Pra Voc\u00ea\",\"item\":\"https:\\\/\\\/www.turismotoledo.com.br\\\/novo\\\/pra-voce\\\/\"},{\"@type\":\"ListItem\",\"position\":3,\"name\":\"Documentos para Embarque e Alf\u00e2ndega\"}]},{\"@type\":\"WebSite\",\"@id\":\"https:\\\/\\\/www.turismotoledo.com.br\\\/novo\\\/#website\",\"url\":\"https:\\\/\\\/www.turismotoledo.com.br\\\/novo\\\/\",\"name\":\"Toledo Turismo\",\"description\":\"Ag\u00eancia de Viagens\",\"publisher\":{\"@id\":\"https:\\\/\\\/www.turismotoledo.com.br\\\/novo\\\/#organization\"},\"potentialAction\":[{\"@type\":\"SearchAction\",\"target\":{\"@type\":\"EntryPoint\",\"urlTemplate\":\"https:\\\/\\\/www.turismotoledo.com.br\\\/novo\\\/?s={search_term_string}\"},\"query-input\":{\"@type\":\"PropertyValueSpecification\",\"valueRequired\":true,\"valueName\":\"search_term_string\"}}],\"inLanguage\":\"pt-BR\"},{\"@type\":\"Organization\",\"@id\":\"https:\\\/\\\/www.turismotoledo.com.br\\\/novo\\\/#organization\",\"name\":\"Turismo Toledo\",\"url\":\"https:\\\/\\\/www.turismotoledo.com.br\\\/novo\\\/\",\"logo\":{\"@type\":\"ImageObject\",\"inLanguage\":\"pt-BR\",\"@id\":\"https:\\\/\\\/www.turismotoledo.com.br\\\/novo\\\/#\\\/schema\\\/logo\\\/image\\\/\",\"url\":\"https:\\\/\\\/www.turismotoledo.com.br\\\/novo\\\/wp-content\\\/uploads\\\/2016\\\/06\\\/logo.png\",\"contentUrl\":\"https:\\\/\\\/www.turismotoledo.com.br\\\/novo\\\/wp-content\\\/uploads\\\/2016\\\/06\\\/logo.png\",\"width\":3104,\"height\":956,\"caption\":\"Turismo Toledo\"},\"image\":{\"@id\":\"https:\\\/\\\/www.turismotoledo.com.br\\\/novo\\\/#\\\/schema\\\/logo\\\/image\\\/\"}}]}<\/script>\n<!-- \/ Yoast SEO plugin. -->","yoast_head_json":{"title":"Documentos para Embarque e Alf\u00e2ndega - Toledo Turismo","description":"Turismo Toledo, conhe\u00e7a o Brasil e o Mundo, elaboramos pacotes tur\u00edsticos, possu\u00edmos pre\u00e7os acess\u00edveis, promo\u00e7\u00f5es,","robots":{"index":"index","follow":"follow","max-snippet":"max-snippet:-1","max-image-preview":"max-image-preview:large","max-video-preview":"max-video-preview:-1"},"canonical":"https:\/\/www.turismotoledo.com.br\/novo\/pra-voce\/documentos-para-embarque-e-alfandega\/","og_locale":"pt_BR","og_type":"article","og_title":"Documentos para Embarque e Alf\u00e2ndega - Toledo Turismo","og_description":"Turismo Toledo, conhe\u00e7a o Brasil e o Mundo, elaboramos pacotes tur\u00edsticos, possu\u00edmos pre\u00e7os acess\u00edveis, promo\u00e7\u00f5es,","og_url":"https:\/\/www.turismotoledo.com.br\/novo\/pra-voce\/documentos-para-embarque-e-alfandega\/","og_site_name":"Toledo Turismo","article_modified_time":"2016-06-09T12:01:05+00:00","og_image":[{"url":"http:\/\/www.turismotoledo.com.br\/novo\/wp-content\/uploads\/2016\/05\/documentos_embarque.jpg","type":"","width":"","height":""}],"twitter_card":"summary_large_image","twitter_misc":{"Est. tempo de leitura":"2 minutos"},"schema":{"@context":"https:\/\/schema.org","@graph":[{"@type":"WebPage","@id":"https:\/\/www.turismotoledo.com.br\/novo\/pra-voce\/documentos-para-embarque-e-alfandega\/","url":"https:\/\/www.turismotoledo.com.br\/novo\/pra-voce\/documentos-para-embarque-e-alfandega\/","name":"Documentos para Embarque e Alf\u00e2ndega - Toledo Turismo","isPartOf":{"@id":"https:\/\/www.turismotoledo.com.br\/novo\/#website"},"primaryImageOfPage":{"@id":"https:\/\/www.turismotoledo.com.br\/novo\/pra-voce\/documentos-para-embarque-e-alfandega\/#primaryimage"},"image":{"@id":"https:\/\/www.turismotoledo.com.br\/novo\/pra-voce\/documentos-para-embarque-e-alfandega\/#primaryimage"},"thumbnailUrl":"http:\/\/www.turismotoledo.com.br\/novo\/wp-content\/uploads\/2016\/05\/documentos_embarque.jpg","datePublished":"2016-05-20T14:24:59+00:00","dateModified":"2016-06-09T12:01:05+00:00","description":"Turismo Toledo, conhe\u00e7a o Brasil e o Mundo, elaboramos pacotes tur\u00edsticos, possu\u00edmos pre\u00e7os acess\u00edveis, promo\u00e7\u00f5es,","breadcrumb":{"@id":"https:\/\/www.turismotoledo.com.br\/novo\/pra-voce\/documentos-para-embarque-e-alfandega\/#breadcrumb"},"inLanguage":"pt-BR","potentialAction":[{"@type":"ReadAction","target":["https:\/\/www.turismotoledo.com.br\/novo\/pra-voce\/documentos-para-embarque-e-alfandega\/"]}]},{"@type":"ImageObject","inLanguage":"pt-BR","@id":"https:\/\/www.turismotoledo.com.br\/novo\/pra-voce\/documentos-para-embarque-e-alfandega\/#primaryimage","url":"http:\/\/www.turismotoledo.com.br\/novo\/wp-content\/uploads\/2016\/05\/documentos_embarque.jpg","contentUrl":"http:\/\/www.turismotoledo.com.br\/novo\/wp-content\/uploads\/2016\/05\/documentos_embarque.jpg"},{"@type":"BreadcrumbList","@id":"https:\/\/www.turismotoledo.com.br\/novo\/pra-voce\/documentos-para-embarque-e-alfandega\/#breadcrumb","itemListElement":[{"@type":"ListItem","position":1,"name":"In\u00edcio","item":"https:\/\/www.turismotoledo.com.br\/novo\/"},{"@type":"ListItem","position":2,"name":"Pra Voc\u00ea","item":"https:\/\/www.turismotoledo.com.br\/novo\/pra-voce\/"},{"@type":"ListItem","position":3,"name":"Documentos para Embarque e Alf\u00e2ndega"}]},{"@type":"WebSite","@id":"https:\/\/www.turismotoledo.com.br\/novo\/#website","url":"https:\/\/www.turismotoledo.com.br\/novo\/","name":"Toledo Turismo","description":"Ag\u00eancia de Viagens","publisher":{"@id":"https:\/\/www.turismotoledo.com.br\/novo\/#organization"},"potentialAction":[{"@type":"SearchAction","target":{"@type":"EntryPoint","urlTemplate":"https:\/\/www.turismotoledo.com.br\/novo\/?s={search_term_string}"},"query-input":{"@type":"PropertyValueSpecification","valueRequired":true,"valueName":"search_term_string"}}],"inLanguage":"pt-BR"},{"@type":"Organization","@id":"https:\/\/www.turismotoledo.com.br\/novo\/#organization","name":"Turismo Toledo","url":"https:\/\/www.turismotoledo.com.br\/novo\/","logo":{"@type":"ImageObject","inLanguage":"pt-BR","@id":"https:\/\/www.turismotoledo.com.br\/novo\/#\/schema\/logo\/image\/","url":"https:\/\/www.turismotoledo.com.br\/novo\/wp-content\/uploads\/2016\/06\/logo.png","contentUrl":"https:\/\/www.turismotoledo.com.br\/novo\/wp-content\/uploads\/2016\/06\/logo.png","width":3104,"height":956,"caption":"Turismo Toledo"},"image":{"@id":"https:\/\/www.turismotoledo.com.br\/novo\/#\/schema\/logo\/image\/"}}]}},"_links":{"self":[{"href":"https:\/\/www.turismotoledo.com.br\/novo\/wp-json\/wp\/v2\/pages\/38","targetHints":{"allow":["GET"]}}],"collection":[{"href":"https:\/\/www.turismotoledo.com.br\/novo\/wp-json\/wp\/v2\/pages"}],"about":[{"href":"https:\/\/www.turismotoledo.com.br\/novo\/wp-json\/wp\/v2\/types\/page"}],"author":[{"embeddable":true,"href":"https:\/\/www.turismotoledo.com.br\/novo\/wp-json\/wp\/v2\/users\/1"}],"replies":[{"embeddable":true,"href":"https:\/\/www.turismotoledo.com.br\/novo\/wp-json\/wp\/v2\/comments?post=38"}],"version-history":[{"count":5,"href":"https:\/\/www.turismotoledo.com.br\/novo\/wp-json\/wp\/v2\/pages\/38\/revisions"}],"predecessor-version":[{"id":244,"href":"https:\/\/www.turismotoledo.com.br\/novo\/wp-json\/wp\/v2\/pages\/38\/revisions\/244"}],"up":[{"embeddable":true,"href":"https:\/\/www.turismotoledo.com.br\/novo\/wp-json\/wp\/v2\/pages\/20"}],"wp:attachment":[{"href":"https:\/\/www.turismotoledo.com.br\/novo\/wp-json\/wp\/v2\/media?parent=38"}],"curies":[{"name":"wp","href":"https:\/\/api.w.org\/{rel}","templated":true}]}}