{"id":48,"date":"2016-05-20T11:26:31","date_gmt":"2016-05-20T14:26:31","guid":{"rendered":"http:\/\/www.turismotoledo.com.br\/novo\/?page_id=48"},"modified":"2016-06-09T09:10:14","modified_gmt":"2016-06-09T12:10:14","slug":"bagagem-danificada-ou-extraviada","status":"publish","type":"page","link":"https:\/\/www.turismotoledo.com.br\/novo\/pra-voce\/bagagem-danificada-ou-extraviada\/","title":{"rendered":"Bagagem Danificada ou Extraviada"},"content":{"rendered":"<p style=\"text-align: justify;\"><img loading=\"lazy\" decoding=\"async\" class=\"wp-image-253 size-full alignright\" src=\"http:\/\/www.turismotoledo.com.br\/novo\/wp-content\/uploads\/2016\/05\/bagagem_extraviada.jpg\" width=\"300\" height=\"200\" srcset=\"https:\/\/www.turismotoledo.com.br\/novo\/wp-content\/uploads\/2016\/05\/bagagem_extraviada.jpg 300w, https:\/\/www.turismotoledo.com.br\/novo\/wp-content\/uploads\/2016\/05\/bagagem_extraviada-272x182.jpg 272w\" sizes=\"auto, (max-width: 300px) 100vw, 300px\" \/>Em caso de dano ou sinais de viola\u00e7\u00e3o da bagagem, o passageiro deve retirar a bagagem da esteira do aeroporto, comunicar imediatamente a Companhia A\u00e9rea e preencher o Registro de Irregularidade de Bagagem (RIB).<\/p>\n<p style=\"text-align: justify;\">A empresa a\u00e9rea dever\u00e1 ser responsabilizada e pagar indeniza\u00e7\u00e3o ou reparo da bagagem.<\/p>\n<p style=\"text-align: justify;\">O mesmo procedimento deve ser adotado em caso de extravio. Ap\u00f3s 30 dias, se a bagagem n\u00e3o for localizada, a companhia a\u00e9rea deve pagar a indeniza\u00e7\u00e3o.<\/p>\n<p style=\"text-align: justify;\">Se houver alguma d\u00favida ou problema, o viajante deve procurar um fiscal de Avia\u00e7\u00e3o Civil do DAC &#8211; Departamento de Avia\u00e7\u00e3o Civil, em uma Se\u00e7\u00e3o de Avia\u00e7\u00e3o Civil do aeroporto.<\/p>\n<p style=\"text-align: justify;\">Para fins de indeniza\u00e7\u00e3o, vale lembrar que, antes do embarque, o passageiro tem a op\u00e7\u00e3o de declarar os valores atribu\u00eddos \u00e0 sua bagagem, pagando uma taxa suplementar estipulada pela companhia, que pode pedir uma rela\u00e7\u00e3o completa dos itens e verificar o conte\u00fado da mala. Se houver extravio, o viajante receber\u00e1 o valor declarado e aceito pela empresa.<\/p>\n<p style=\"text-align: justify;\">N\u00e3o s\u00e3o aceitos na declara\u00e7\u00e3o os objetos de valor, como j\u00f3ias, pap\u00e9is negoci\u00e1veis e dinheiro, que devem ser carregados na bagagem de m\u00e3o, ficando a companhia isenta de responsabilidade.<\/p>\n<p style=\"text-align: justify;\">Quem n\u00e3o fizer declara\u00e7\u00e3o de valores tem direito a indeniza\u00e7\u00e3o limitada caso ocorra extravio da bagagem. Em v\u00f4os internacionais, a companhia paga indeniza\u00e7\u00e3o ao passageiro no valor m\u00e1ximo de US$ 400. Em v\u00f4os nacionais, a compensa\u00e7\u00e3o \u00e9 feita de acordo com o C\u00f3digo Brasileiro de Aeron\u00e1utica.<\/p>\n","protected":false},"excerpt":{"rendered":"<p>Em caso de dano ou sinais de viola\u00e7\u00e3o da bagagem, o passageiro deve retirar a bagagem da esteira do aeroporto, comunicar imediatamente a Companhia A\u00e9rea e preencher o Registro de Irregularidade de Bagagem (RIB). A empresa a\u00e9rea dever\u00e1 ser responsabilizada e pagar indeniza\u00e7\u00e3o ou reparo da bagagem. O mesmo procedimento deve ser adotado em caso [&hellip;]<\/p>\n","protected":false},"author":1,"featured_media":0,"parent":20,"menu_order":0,"comment_status":"closed","ping_status":"closed","template":"","meta":{"footnotes":""},"class_list":["post-48","page","type-page","status-publish","hentry"],"yoast_head":"<!-- This site is optimized with the Yoast SEO plugin v27.4 - https:\/\/yoast.com\/product\/yoast-seo-wordpress\/ -->\n<title>Bagagem Danificada ou Extraviada - Toledo Turismo<\/title>\n<meta name=\"description\" content=\"Turismo Toledo, conhe\u00e7a o Brasil e o Mundo, elaboramos pacotes tur\u00edsticos, possu\u00edmos pre\u00e7os acess\u00edveis, promo\u00e7\u00f5es,\" \/>\n<meta name=\"robots\" content=\"index, follow, max-snippet:-1, max-image-preview:large, max-video-preview:-1\" \/>\n<link rel=\"canonical\" href=\"https:\/\/www.turismotoledo.com.br\/novo\/pra-voce\/bagagem-danificada-ou-extraviada\/\" \/>\n<meta property=\"og:locale\" content=\"pt_BR\" \/>\n<meta property=\"og:type\" content=\"article\" \/>\n<meta property=\"og:title\" content=\"Bagagem Danificada ou Extraviada - Toledo Turismo\" \/>\n<meta property=\"og:description\" content=\"Turismo Toledo, conhe\u00e7a o Brasil e o Mundo, elaboramos pacotes tur\u00edsticos, possu\u00edmos pre\u00e7os acess\u00edveis, promo\u00e7\u00f5es,\" \/>\n<meta property=\"og:url\" content=\"https:\/\/www.turismotoledo.com.br\/novo\/pra-voce\/bagagem-danificada-ou-extraviada\/\" \/>\n<meta property=\"og:site_name\" content=\"Toledo Turismo\" \/>\n<meta property=\"article:modified_time\" content=\"2016-06-09T12:10:14+00:00\" \/>\n<meta property=\"og:image\" content=\"http:\/\/www.turismotoledo.com.br\/novo\/wp-content\/uploads\/2016\/05\/bagagem_extraviada.jpg\" \/>\n<meta name=\"twitter:card\" content=\"summary_large_image\" \/>\n<meta name=\"twitter:label1\" content=\"Est. tempo de leitura\" \/>\n\t<meta name=\"twitter:data1\" content=\"1 minuto\" \/>\n<script type=\"application\/ld+json\" class=\"yoast-schema-graph\">{\"@context\":\"https:\\\/\\\/schema.org\",\"@graph\":[{\"@type\":\"WebPage\",\"@id\":\"https:\\\/\\\/www.turismotoledo.com.br\\\/novo\\\/pra-voce\\\/bagagem-danificada-ou-extraviada\\\/\",\"url\":\"https:\\\/\\\/www.turismotoledo.com.br\\\/novo\\\/pra-voce\\\/bagagem-danificada-ou-extraviada\\\/\",\"name\":\"Bagagem Danificada ou Extraviada - Toledo Turismo\",\"isPartOf\":{\"@id\":\"https:\\\/\\\/www.turismotoledo.com.br\\\/novo\\\/#website\"},\"primaryImageOfPage\":{\"@id\":\"https:\\\/\\\/www.turismotoledo.com.br\\\/novo\\\/pra-voce\\\/bagagem-danificada-ou-extraviada\\\/#primaryimage\"},\"image\":{\"@id\":\"https:\\\/\\\/www.turismotoledo.com.br\\\/novo\\\/pra-voce\\\/bagagem-danificada-ou-extraviada\\\/#primaryimage\"},\"thumbnailUrl\":\"http:\\\/\\\/www.turismotoledo.com.br\\\/novo\\\/wp-content\\\/uploads\\\/2016\\\/05\\\/bagagem_extraviada.jpg\",\"datePublished\":\"2016-05-20T14:26:31+00:00\",\"dateModified\":\"2016-06-09T12:10:14+00:00\",\"description\":\"Turismo Toledo, conhe\u00e7a o Brasil e o Mundo, elaboramos pacotes tur\u00edsticos, possu\u00edmos pre\u00e7os acess\u00edveis, promo\u00e7\u00f5es,\",\"breadcrumb\":{\"@id\":\"https:\\\/\\\/www.turismotoledo.com.br\\\/novo\\\/pra-voce\\\/bagagem-danificada-ou-extraviada\\\/#breadcrumb\"},\"inLanguage\":\"pt-BR\",\"potentialAction\":[{\"@type\":\"ReadAction\",\"target\":[\"https:\\\/\\\/www.turismotoledo.com.br\\\/novo\\\/pra-voce\\\/bagagem-danificada-ou-extraviada\\\/\"]}]},{\"@type\":\"ImageObject\",\"inLanguage\":\"pt-BR\",\"@id\":\"https:\\\/\\\/www.turismotoledo.com.br\\\/novo\\\/pra-voce\\\/bagagem-danificada-ou-extraviada\\\/#primaryimage\",\"url\":\"http:\\\/\\\/www.turismotoledo.com.br\\\/novo\\\/wp-content\\\/uploads\\\/2016\\\/05\\\/bagagem_extraviada.jpg\",\"contentUrl\":\"http:\\\/\\\/www.turismotoledo.com.br\\\/novo\\\/wp-content\\\/uploads\\\/2016\\\/05\\\/bagagem_extraviada.jpg\"},{\"@type\":\"BreadcrumbList\",\"@id\":\"https:\\\/\\\/www.turismotoledo.com.br\\\/novo\\\/pra-voce\\\/bagagem-danificada-ou-extraviada\\\/#breadcrumb\",\"itemListElement\":[{\"@type\":\"ListItem\",\"position\":1,\"name\":\"In\u00edcio\",\"item\":\"https:\\\/\\\/www.turismotoledo.com.br\\\/novo\\\/\"},{\"@type\":\"ListItem\",\"position\":2,\"name\":\"Pra Voc\u00ea\",\"item\":\"https:\\\/\\\/www.turismotoledo.com.br\\\/novo\\\/pra-voce\\\/\"},{\"@type\":\"ListItem\",\"position\":3,\"name\":\"Bagagem Danificada ou Extraviada\"}]},{\"@type\":\"WebSite\",\"@id\":\"https:\\\/\\\/www.turismotoledo.com.br\\\/novo\\\/#website\",\"url\":\"https:\\\/\\\/www.turismotoledo.com.br\\\/novo\\\/\",\"name\":\"Toledo Turismo\",\"description\":\"Ag\u00eancia de Viagens\",\"publisher\":{\"@id\":\"https:\\\/\\\/www.turismotoledo.com.br\\\/novo\\\/#organization\"},\"potentialAction\":[{\"@type\":\"SearchAction\",\"target\":{\"@type\":\"EntryPoint\",\"urlTemplate\":\"https:\\\/\\\/www.turismotoledo.com.br\\\/novo\\\/?s={search_term_string}\"},\"query-input\":{\"@type\":\"PropertyValueSpecification\",\"valueRequired\":true,\"valueName\":\"search_term_string\"}}],\"inLanguage\":\"pt-BR\"},{\"@type\":\"Organization\",\"@id\":\"https:\\\/\\\/www.turismotoledo.com.br\\\/novo\\\/#organization\",\"name\":\"Turismo Toledo\",\"url\":\"https:\\\/\\\/www.turismotoledo.com.br\\\/novo\\\/\",\"logo\":{\"@type\":\"ImageObject\",\"inLanguage\":\"pt-BR\",\"@id\":\"https:\\\/\\\/www.turismotoledo.com.br\\\/novo\\\/#\\\/schema\\\/logo\\\/image\\\/\",\"url\":\"https:\\\/\\\/www.turismotoledo.com.br\\\/novo\\\/wp-content\\\/uploads\\\/2016\\\/06\\\/logo.png\",\"contentUrl\":\"https:\\\/\\\/www.turismotoledo.com.br\\\/novo\\\/wp-content\\\/uploads\\\/2016\\\/06\\\/logo.png\",\"width\":3104,\"height\":956,\"caption\":\"Turismo Toledo\"},\"image\":{\"@id\":\"https:\\\/\\\/www.turismotoledo.com.br\\\/novo\\\/#\\\/schema\\\/logo\\\/image\\\/\"}}]}<\/script>\n<!-- \/ Yoast SEO plugin. -->","yoast_head_json":{"title":"Bagagem Danificada ou Extraviada - Toledo Turismo","description":"Turismo Toledo, conhe\u00e7a o Brasil e o Mundo, elaboramos pacotes tur\u00edsticos, possu\u00edmos pre\u00e7os acess\u00edveis, promo\u00e7\u00f5es,","robots":{"index":"index","follow":"follow","max-snippet":"max-snippet:-1","max-image-preview":"max-image-preview:large","max-video-preview":"max-video-preview:-1"},"canonical":"https:\/\/www.turismotoledo.com.br\/novo\/pra-voce\/bagagem-danificada-ou-extraviada\/","og_locale":"pt_BR","og_type":"article","og_title":"Bagagem Danificada ou Extraviada - Toledo Turismo","og_description":"Turismo Toledo, conhe\u00e7a o Brasil e o Mundo, elaboramos pacotes tur\u00edsticos, possu\u00edmos pre\u00e7os acess\u00edveis, promo\u00e7\u00f5es,","og_url":"https:\/\/www.turismotoledo.com.br\/novo\/pra-voce\/bagagem-danificada-ou-extraviada\/","og_site_name":"Toledo Turismo","article_modified_time":"2016-06-09T12:10:14+00:00","og_image":[{"url":"http:\/\/www.turismotoledo.com.br\/novo\/wp-content\/uploads\/2016\/05\/bagagem_extraviada.jpg","type":"","width":"","height":""}],"twitter_card":"summary_large_image","twitter_misc":{"Est. tempo de leitura":"1 minuto"},"schema":{"@context":"https:\/\/schema.org","@graph":[{"@type":"WebPage","@id":"https:\/\/www.turismotoledo.com.br\/novo\/pra-voce\/bagagem-danificada-ou-extraviada\/","url":"https:\/\/www.turismotoledo.com.br\/novo\/pra-voce\/bagagem-danificada-ou-extraviada\/","name":"Bagagem Danificada ou Extraviada - Toledo Turismo","isPartOf":{"@id":"https:\/\/www.turismotoledo.com.br\/novo\/#website"},"primaryImageOfPage":{"@id":"https:\/\/www.turismotoledo.com.br\/novo\/pra-voce\/bagagem-danificada-ou-extraviada\/#primaryimage"},"image":{"@id":"https:\/\/www.turismotoledo.com.br\/novo\/pra-voce\/bagagem-danificada-ou-extraviada\/#primaryimage"},"thumbnailUrl":"http:\/\/www.turismotoledo.com.br\/novo\/wp-content\/uploads\/2016\/05\/bagagem_extraviada.jpg","datePublished":"2016-05-20T14:26:31+00:00","dateModified":"2016-06-09T12:10:14+00:00","description":"Turismo Toledo, conhe\u00e7a o Brasil e o Mundo, elaboramos pacotes tur\u00edsticos, possu\u00edmos pre\u00e7os acess\u00edveis, promo\u00e7\u00f5es,","breadcrumb":{"@id":"https:\/\/www.turismotoledo.com.br\/novo\/pra-voce\/bagagem-danificada-ou-extraviada\/#breadcrumb"},"inLanguage":"pt-BR","potentialAction":[{"@type":"ReadAction","target":["https:\/\/www.turismotoledo.com.br\/novo\/pra-voce\/bagagem-danificada-ou-extraviada\/"]}]},{"@type":"ImageObject","inLanguage":"pt-BR","@id":"https:\/\/www.turismotoledo.com.br\/novo\/pra-voce\/bagagem-danificada-ou-extraviada\/#primaryimage","url":"http:\/\/www.turismotoledo.com.br\/novo\/wp-content\/uploads\/2016\/05\/bagagem_extraviada.jpg","contentUrl":"http:\/\/www.turismotoledo.com.br\/novo\/wp-content\/uploads\/2016\/05\/bagagem_extraviada.jpg"},{"@type":"BreadcrumbList","@id":"https:\/\/www.turismotoledo.com.br\/novo\/pra-voce\/bagagem-danificada-ou-extraviada\/#breadcrumb","itemListElement":[{"@type":"ListItem","position":1,"name":"In\u00edcio","item":"https:\/\/www.turismotoledo.com.br\/novo\/"},{"@type":"ListItem","position":2,"name":"Pra Voc\u00ea","item":"https:\/\/www.turismotoledo.com.br\/novo\/pra-voce\/"},{"@type":"ListItem","position":3,"name":"Bagagem Danificada ou Extraviada"}]},{"@type":"WebSite","@id":"https:\/\/www.turismotoledo.com.br\/novo\/#website","url":"https:\/\/www.turismotoledo.com.br\/novo\/","name":"Toledo Turismo","description":"Ag\u00eancia de Viagens","publisher":{"@id":"https:\/\/www.turismotoledo.com.br\/novo\/#organization"},"potentialAction":[{"@type":"SearchAction","target":{"@type":"EntryPoint","urlTemplate":"https:\/\/www.turismotoledo.com.br\/novo\/?s={search_term_string}"},"query-input":{"@type":"PropertyValueSpecification","valueRequired":true,"valueName":"search_term_string"}}],"inLanguage":"pt-BR"},{"@type":"Organization","@id":"https:\/\/www.turismotoledo.com.br\/novo\/#organization","name":"Turismo Toledo","url":"https:\/\/www.turismotoledo.com.br\/novo\/","logo":{"@type":"ImageObject","inLanguage":"pt-BR","@id":"https:\/\/www.turismotoledo.com.br\/novo\/#\/schema\/logo\/image\/","url":"https:\/\/www.turismotoledo.com.br\/novo\/wp-content\/uploads\/2016\/06\/logo.png","contentUrl":"https:\/\/www.turismotoledo.com.br\/novo\/wp-content\/uploads\/2016\/06\/logo.png","width":3104,"height":956,"caption":"Turismo Toledo"},"image":{"@id":"https:\/\/www.turismotoledo.com.br\/novo\/#\/schema\/logo\/image\/"}}]}},"_links":{"self":[{"href":"https:\/\/www.turismotoledo.com.br\/novo\/wp-json\/wp\/v2\/pages\/48","targetHints":{"allow":["GET"]}}],"collection":[{"href":"https:\/\/www.turismotoledo.com.br\/novo\/wp-json\/wp\/v2\/pages"}],"about":[{"href":"https:\/\/www.turismotoledo.com.br\/novo\/wp-json\/wp\/v2\/types\/page"}],"author":[{"embeddable":true,"href":"https:\/\/www.turismotoledo.com.br\/novo\/wp-json\/wp\/v2\/users\/1"}],"replies":[{"embeddable":true,"href":"https:\/\/www.turismotoledo.com.br\/novo\/wp-json\/wp\/v2\/comments?post=48"}],"version-history":[{"count":4,"href":"https:\/\/www.turismotoledo.com.br\/novo\/wp-json\/wp\/v2\/pages\/48\/revisions"}],"predecessor-version":[{"id":254,"href":"https:\/\/www.turismotoledo.com.br\/novo\/wp-json\/wp\/v2\/pages\/48\/revisions\/254"}],"up":[{"embeddable":true,"href":"https:\/\/www.turismotoledo.com.br\/novo\/wp-json\/wp\/v2\/pages\/20"}],"wp:attachment":[{"href":"https:\/\/www.turismotoledo.com.br\/novo\/wp-json\/wp\/v2\/media?parent=48"}],"curies":[{"name":"wp","href":"https:\/\/api.w.org\/{rel}","templated":true}]}}